 - r(v). What is y(4)?
-5
Let z(a) = -4*a**3 - 6*a**2 - a - 6. Let u(j) = -3*j**3 - 5*j**2 - j - 5. Let d(t) = 5*u(t) - 4*z(t). Suppose -l - 1 = r + 2, 3*r + 13 = -5*l. Determine d(l).
-11
Let t(m) = 2*m + 15. Let n be t(-8). Let y(v) = 8*v + 14. Let q(b) = 3*b + 5. Let j(o) = -11*q(o) + 4*y(o). What is j(n)?
2
Let k(s) = -2*s**3 - 3*s**2 + 2*s + 5. Let b be k(-2). Let c(r) = 6*r - 7. Determine c(b).
23
Let k = 12 - 8. Let t(f) = f + 4 - k - 6*f**2 + 4*f**2. Calculate t(-1).
-3
Let c(s) = -3*s + 6. Let k = -17 - -22. Determine c(k).
-9
Let t(g) be the first derivative of g**2/2 - 2. Give t(-1).
-1
Suppose 4*w = 3*x + 30, -2*x - 5*w + 3 = -0*w. Let d(h) be the third derivative of h**6/120 + h**5/10 + h**4/24 - 4*h**2. Determine d(x).
-6
Let k be (2/7)/(8/56). Let v(n) = -4*n**2 + 2 + 0*n**2 + 7*n + 7*n**k - 2*n**2. Determine v(-5).
-8
Let g(k) = 2*k**3 - 2*k**2 - k - 2. Let v(c) = -8*c + 18. Let u be v(2). Calculate g(u).
4
Let w(d) = -d**3 - d**2 + 3*d - 2. Let p be w(-3). Let u(s) = s**3 - 8*s**2 + 9*s - 8. Calculate u(p).
6
Let r(o) = -10 + 5 - 31*o + 32*o. Determine r(-5).
-10
Let q(g) = -3*g**3 - 5*g**2 + 2*g - 2. Let s(h) = 5*h**2 + 3*h + 1 + h**3 - 3*h - h - 3*h**2. Let t(n) = -2*q(n) - 5*s(n). Give t(0).
-1
Suppose 4*h - 5*h = 5. Let b = h + 9. Let t(k) = k**3 + 3 - 3 - 5*k**2 - 4 + 7*k. What is t(b)?
8
Let s(b) = 4*b + 2 - 5*b + 5 + 1. Calculate s(8).
0
Let v(i) = -i**3 - 5*i**2 + 2. Let u be (2*1)/(8/(-20)). Let g be v(u). Let r(k) = g*k + 0 + k - 2. Give r(2).
4
Let w(u) = 5*u**2 - 16*u - 6. Let a = 5 - 8. Let d(k) = -2*k**2 + 5*k + 2. Let f(x) = a*w(x) - 8*d(x). Give f(-7).
-5
Let w(g) be the first derivative of g**2/2 - 10*g + 3. Let d(x) = -2*x + 21. Let a(f) = -4*d(f) - 9*w(f). What is a(5)?
1
Let o(z) = -152*z + 304*z - 151*z - 4*z**3. Suppose 3 = -5*t - 2. Determine o(t).
3
Let v(r) = r**2 + 3. Let l(o) = o. Let x(i) = -5*l(i) + v(i). Give x(3).
-3
Let z(c) = 2*c - 3. Let j be (7 - 1) + -2 + (3 - 2). What is z(j)?
7
Let t(j) = -8*j - 7. Let x(y) = 16*y + 15. Let f(g) = -9*t(g) - 4*x(g). What is f(-2)?
-13
Let m(u) = 5*u**2 - 4*u + 3. Let j be (4/(-10))/(2/20). Let o(f) = -f**2 + f - 1. Let v(x) = j*o(x) - m(x). Give v(-2).
-3
Suppose 4*t = 3*n + 5, t - 6*t + 20 = -n. Let u be 6/2 + (t - 4). Let c(w) = w + 5. Give c(u).
9
Let q(n) be the second derivative of -n**5/20 - 7*n**4/12 + n**3/6 + 3*n**2/2 - 22*n. Give q(-7).
-4
Let f(o) = o**2 + 4*o - 5. Let y be f(-5). Let x(w) = w**2. Let h(i) = i**2. Let z(d) = -2*h(d) + x(d). Give z(y).
0
Suppose -v + 7 = 5. Suppose 4 + v = -s. Let l(k) = -k**2 - 7*k + 3. Determine l(s).
9
Let i(g) = -g**2 + g - 5. Suppose -8*w + 16*w = 0. Calculate i(w).
-5
Let l be (121/(-385) + (-6)/(-10))*21. Let f be (1 + 0)/(1/3). Let a(p) = p**f + 4 + 5*p - 7*p**2 - 4. Determine a(l).
-6
Let t be (-8)/2*26/8. Let q = -8 - t. Let f(j) = -11*j**2 + q*j + 3 + 3 + 10*j**2. Calculate f(5).
6
Let q(j) = 2*j**2 - j - 2. Let i be q(-2). Let v(a) = -2 - i*a + 0 + 5*a. Give v(3).
-11
Let k(a) = a + 4. Let g(q) = -3*q - 2. Let r(x) = x**2 - 9*x - 12. Let b be r(10). Let w be g(b). Calculate k(w).
8
Let t(f) be the second derivative of f**4/12 - 5*f**3/6 + f**2 + 8*f. Suppose -5*s = -6 - 19. What is t(s)?
2
Suppose 5 + 2 = r - 4*n, 2*r - 5*n - 5 = 0. Let q(o) = -o**2 - o + 7. Calculate q(r).
-13
Let x = -9 - -11. Let j(b) = -6*b + 1 - 6*b + 4*b - x*b. What is j(1)?
-9
Let y(j) = 10*j - 16. Let x(k) = 7*k - 11. Let q(i) = -7*x(i) + 5*y(i). Calculate q(-4).
-7
Let b(m) = 3*m - 11. Let n(p) = 4*p - 12. Let r(c) = -5*b(c) + 4*n(c). What is r(-5)?
2
Suppose 2*u - 1 = -3. Let i(c) be the third derivative of -c**5/120 + c**4/24 - c**3/2 + c**2. Let s(p) be the first derivative of i(p). Determine s(u).
2
Let i(v) = v**3 - 10*v**2 + 7*v + 20. Let d be i(9). Let f(y) = y**2 + y. Give f(d).
6
Let d(v) be the third derivative of v**6/120 - v**5/15 - v**3/2 - 14*v**2. Let c be 34/4 - 1/(-2). Let u = -5 + c. Give d(u).
-3
Let j(l) = 11*l - 12*l - 1 - 2. Let w(o) = -2*o**2 - 3*o**2 - 4*o + 3*o. Let p be w(-1). Calculate j(p).
1
Let u(i) = -4*i**3 - 2*i**2 + 2*i - 1. Let x(r) = 4*r**3 + 2*r**2 - 3*r + 1. Let n(j) = 5*u(j) + 4*x(j). What is n(-1)?
3
Let c(g) be the second derivative of -2/3*g**3 + 5/2*g**2 + 0 + g - 1/12*g**4. Give c(-4).
5
Let g(k) be the third derivative of -k**3 + k**2 + 0 + 0*k - 1/24*k**4. Let t be (2 + 1)/6*-10. What is g(t)?
-1
Suppose 5*v + a - 25 = 0, 0*a = 2*a - 10. Let q(h) = -h - 4. Let y(c) = 2*c + 1. Let u(o) = q(o) + y(o). Determine u(v).
1
Let x(o) = -o**3 + 5*o + 6. Let b be x(3). Let v(r) = 5*r**2 + 2 + 4*r**2 - 6*r - 4*r**2 + r**3. Calculate v(b).
2
Let t be (-6)/27 - 56/(-9). Let o(z) = 7 - 6*z + 36*z**2 - 24*z**2 + z**3 + 0*z**3 - 17*z**2. What is o(t)?
7
Let t(d) = d - 5. Let p be t(8). Suppose -4*h - 4*w + 4 = 0, -4*h - 5*w - p = -6. Let z(v) = -h*v**3 - 1 - 2*v**2 + 0 + v**3. What is z(-3)?
8
Let i(p) be the third derivative of p**5/60 - 5*p**4/12 - 28*p**2. Calculate i(10).
0
Let g(u) = 4*u**2 + 10*u - 4. Let a(o) = 5*o**2 + 10*o - 3. Let q(h) = -3*a(h) + 4*g(h). Give q(-8).
-23
Let u = 0 + -5. Let w(h) = 102*h - 2*h**2 - 97*h + 3*h**2 + 5. Determine w(u).
5
Suppose 16 = -4*u + 40. Let o = 0 - u. Let z(s) = -s**3 - 6*s**2 - 2*s - 5. Determine z(o).
7
Let h(q) = q + 1. Let o(y) = 5*y. Suppose -4*w - 6 = 10. Let x(i) = w*h(i) + o(i). What is x(5)?
1
Let r(n) = -n - 6. Let j be r(-12). Let v(l) = -l**2 + 7*l + 2. Calculate v(j).
8
Let x(m) = -2*m**2 - 1. Let l(f) = -f + 0*f - f**3 + 5*f**2 + 0*f - 2*f**2. Let c be l(2). What is x(c)?
-9
Let x(q) = 2*q - 3. Let y(m) = 2*m - 4. Let z(i) = -6*x(i) + 5*y(i). Give z(-6).
10
Let d be 6/(-9) + 22/6. Let q(o) = o. Let h be q(d). Let j = -2 + h. Let b(u) = -2*u - 1. Calculate b(j).
-3
Let w(g) be the third derivative of -g**7/840 - g**6/120 + g**5/60 - g**4/12 - 2*g**3/3 + g**2. Let j(s) be the first derivative of w(s). Determine j(-4).
6
Let k(w) = w**2 - 2*w - 3. Let h(l) = -l**2 + 3*l + 3. Let u(s) = -3*h(s) - 2*k(s). Let d(q) = -q**2 - 10*q - 19. Let x be d(-6). Determine u(x).
-3
Suppose -7*h = -3*h + 8. Suppose 0 = -3*x - 19 - 2. Let f = h - x. Let u(i) = -i**3 + 5*i**2 - i + 6. Give u(f).
1
Let d(o) = -2*o - 3. Let f be (-2 - 6/(-3)) + -3. Let g be d(f). Let b(j) = 6*j + 0 - g*j + 3*j**2 - j**2 - 4. Give b(-3).
5
Let u(x) be the first derivative of 4*x - 1/4*x**4 - 7/3*x**3 - 5 - 5/2*x**2. Give u(-6).
-2
Let u(j) be the second derivative of j**6/120 + j**5/12 - 7*j**4/24 - 2*j**2 + 5*j. Let a(f) be the first derivative of u(f). Give a(-6).
6
Suppose 7 = 3*x - 5. Let n(l) = 0 + 0*l - l - 5 + 4*l. What is n(x)?
7
Let x(d) = 6*d**2 + d + 5. Let p(c) = 3*c**2 + 2*c + 1. Let i(a) = -2*a**2 - a - 1. Let l(h) = 7*i(h) + 3*p(h). Let r(y) = 5*l(y) + 4*x(y). What is r(-2)?
-2
Let j(i) = -2*i - 2. Let g be 2/(1 + -3) + -2. Suppose 3*n = -4*x - 0*n + 3, -x = 5*n - 5. Let w = g + x. Calculate j(w).
4
Let p(g) = -g**3 - 6*g**2 - 3*g - 2. Let i(s) = -5*s**3 - 30*s**2 - 14*s - 9. Let z(l) = 2*i(l) - 11*p(l). What is z(-5)?
4
Suppose 3*u - 45 = -2*u. Suppose u = 2*o + o. Let d(s) = 2*s**2 + 7. Let r(t) = -t**2 - 4. Let i(j) = 6*d(j) + 11*r(j). Calculate i(o).
7
Suppose 0 = 2*u + p + 10, -11*u = -16*u + p - 32. Let k(s) = -4 - 2*s + 2 - 6. Calculate k(u).
4
Let s(n) = -4*n + 5. Suppose -2*i + 0*m - 3*m + 6 = 0, m - 2 = 2*i. Suppose f - 5*y + i*y = 4, 4 = f - 4*y. What is s(f)?
-11
Let m(g) = 5*g**3 - 7*g**2 + 6*g - 5. Let o(s) = s**2 - s + 1. Let d(q) = m(q) + 6*o(q). Determine d(1).
5
Let p(v) = -2*v + 2. Let j be p(-2). Let q(r) = -j*r**2 - 4*r**3 - 3*r + 2*r**3 + 6 + r**3. Give q(-5).
-4
Let t(p) be the third derivative of -p**5/60 - p**4/24 + p**3/6 - 3*p**2. Let y(g) be the first derivative of t(g). Suppose -4*n = -n + 9. What is y(n)?
5
Let d(t) = 4*t + 1. Let u(a) = a + 1. Let n(p) = d(p) - 5*u(p). Determine n(6).
-10
Let d(n) = -3*n**2 + 4 + n - n**3 - 2*n**3 + 2*n**3. Let g be d(-3). Let z(y) be the third derivative of -5*y**4/24 - y**2. Calculate z(g).
-5
Let f(d) = 2*d**2 + 2*d. Let v be f(-2). Suppose -o = -v*o + 9. Let t(l) = 3 - 5*l**3 - o*l**2 + 4*l**3 + 4*l + 0. Determine t(-4).
3
Let g(z) = 12*z**3 - 8*z**2 - 3. Let v(n) be the first derivative of 2*n**4 - 5*n**3/3 - 2*n + 5. Let i(c) = 5*g(c) - 8*v(c). Calculate i(-1).
5
Let s(t) be the first de